Suppose 2*u - 4 = u. Let c(z) = z. Let v(g) = 3*g - 7. Let y(k) = u*c(k) - v(k). Calculate y(-5).
2
Let p(b) = b**2. Let f(z) = -6*z**2 - 4*z + 6. Let o(t) = f(t) + 5*p(t). Suppose -2*g - h = 13, -2*g = -7*g + h - 22. What is o(g)?
1
Let i(m) be the second derivative of 1/12*m**4 - 1/2*m**2 + 0 + 2*m + 2/3*m**3. Calculate i(-3).
-4
Let g(p) = p**3 + p**2 + 3*p + 1. Suppose -4*a + 8*a = 0. Suppose -w - 5*k = -a*w - 3, -5 = 5*w + 5*k. What is g(w)?
-9
Let t be -16 + 24 + (-3 - -1). Let c(k) be the second derivative of k**5/20 - 5*k**4/12 - 7*k**3/6 + 4*k**2 - 2*k. Give c(t).
2
Let y(c) = c + 3. Let m = 10 - 10. Let z be y(m). Let r(u) = -2*u**3 + 2*u**2 - 2*u**z + 3*u**3 + 4*u**2 - 6. Calculate r(6).
-6
Let b(z) = 9*z + 8*z + 5*z - 29*z. What is b(2)?
-14
Let i(f) = 3*f**2 - 13*f - 8. Let o(z) = 4*z**2 - 15*z - 8. Let y(v) = -5*i(v) + 4*o(v). Let p = 3 - 9. Give y(p).
14
Let o(q) = q**2 - 10*q - 13. Let n be o(11). Let f(z) = 1. Let x(g) = 6*g + 4. Let d(b) = -2*f(b) + x(b). Give d(n).
-10
Let g(c) = -3 + 4*c**2 - 4*c + 7*c - c**3 + 8. Calculate g(5).
-5
Let u(j) = -j - 4. Let o = -5 - 1. Let c be u(o). Suppose -c*b = 3*b - 15. Let z(w) = -w**3 + 4*w**2 - 2*w - 3. Calculate z(b).
0
Let f = 14 + -5. Suppose -4*v - i - 17 = -f*v, 4*i = -8. Suppose -3*a = -4*y + 24, v*a - a + 23 = 5*y. Let c(m) = m**2 + 3*m - 3. Determine c(a).
1
Let n(a) = -a**2 - a. Let o(d) = -7*d**2 + 2*d - 8. Let g(c) = 6*n(c) - o(c). Suppose 12*p - 17*p + 30 = 0. Give g(p).
-4
Let y(x) = 4*x - 1. Let b be y(-1). Let d(h) = -h**2 - 5*h - 5. Let r be d(b). Let a(j) = -j**3 - 5*j**2 + j + 3. What is a(r)?
-2
Let b(f) = 1 - 4*f + 0*f - 7*f + 10*f. What is b(4)?
-3
Suppose 2*i + 5 = 15, 12 = -2*z + 4*i. Let n(s) be the third derivative of -s**6/120 + s**5/12 - s**4/6 + s**3/6 - 2*s**2 - 25*s. What is n(z)?
1
Let r(v) = v**3 - 5*v**2 + 2*v - 7. Let x be 6/(-9)*-3 - -1. Suppose -6 = -x*b + 9. Determine r(b).
3
Let b(f) = -1. Let m(r) = r + 2. Let g(s) = -5*b(s) - m(s). Calculate g(3).
0
Suppose 2*l - 5*o + 8 + 5 = 0, 4*l + 18 = 2*o. Let p(r) = -3*r**2 - 5 - 2*r**3 + 7*r - r**3 + 2*r**3 - 4*r. Give p(l).
-1
Let d = 0 - 2. Let l(z) = -z**3 - z. Let q(g) = -g**3 + 2*g**2 - 6*g - 3. Let t(j) = -3*l(j) + q(j). Give t(d).
-5
Let h(s) = s + 4. Suppose 0*j = -5*j. What is h(j)?
4
Let s(l) = -2*l. Let u be s(-2). Let g be u/(-8)*-18 + -3. Let n(f) = -f**2 + 7*f - 3. Give n(g).
3
Let r(y) = -6*y - 3. Let a(u) be the second derivative of -7*u**3/6 - 3*u**2/2 - 5*u. Let x(m) = -4*a(m) + 5*r(m). Calculate x(3).
-9
Let q(j) be the second derivative of -4*j**3/3 + j**2/2 - 3*j. Let l = -17 - -24. Suppose -l*z + 3 = -4*z. Give q(z).
-7
Let c(l) be the first derivative of -1 - l**2 + l + 1/3*l**3. Let i(x) be the first derivative of c(x). What is i(-2)?
-6
Let y(q) = -30*q + 54*q - 22*q. Give y(-4).
-8
Suppose -6*y + 25 = -y. Let n(v) = -v**2 + 1 + 5 + 2*v + v. Calculate n(y).
-4
Suppose 0 = 3*h - 0*b + 2*b - 16, -h - b = -7. Let z(g) be the first derivative of -2*g**3/3 - g - 5. Give z(h).
-9
Suppose -2*n + 12 = n. Let o(r) = -r**2 + 5*r - 2. Let s be o(n). Suppose -k = -s*k + 4. Let i(j) = -j - 4. Calculate i(k).
-8
Let y(b) = -3 - 4*b**2 - 1 + 2*b**2 - 8*b + b**2. Calculate y(-6).
8
Let w be ((-1)/3)/(3/(-27)). Suppose -5*q = -4*f + 1, -3*f + 0*f = -5*q + 3. Let k(j) = j - 1 - j**3 - q + 0*j**3 + 3*j**2. What is k(w)?
-1
Let v(w) = -2*w**3 - 6*w**2 - w + 3. Let u(k) = 4*k**3 + 11*k**2 + 2*k - 5. Let p(n) = 3*u(n) + 5*v(n). Determine p(-2).
-6
Let f(d) = d - 9. Suppose n + x = 2, 4*x - 2 = -10. What is f(n)?
-5
Let y(c) be the second derivative of c**5/20 - c**4/12 + c**3/3 + c**2/2 - 113*c. Suppose -2*o + 14 = 5*d, 4*d - 4 = -2*o + 4*o. Calculate y(d).
9
Suppose -7*k = -18*k - 88. Let y(z) = z**2 + 8*z + 8. What is y(k)?
8
Let a be (1 + 0 + -1)/(-2). Let c(i) = -2*i - 3 - 3 + a. Let p(s) = -2*s + 3. Let y be p(4). Determine c(y).
4
Let u(c) = -1 + 6*c - 3*c + 4*c. Suppose 3*o + 4 - 1 = 0. Let x = 0 + o. Give u(x).
-8
Suppose -67 + 27 = -5*n. Let v = 11 - n. Let b(g) = g - 4. Calculate b(v).
-1
Let x(m) = 8*m**2 + m - 1. Let t be 2/5 + ((-18)/5)/(-6). Give x(t).
8
Let l(y) = y**3 - 19*y**2 - 20*y + 3. Let v be l(20). Suppose 0 = -c - 0 - 2. Let d be -1*(-1)/(v + c). Let r(z) = 2*z - 1. What is r(d)?
1
Let f(o) be the second derivative of o**4/12 + o**3 + o**2/2 - 2*o. Suppose 56*n - 8 = 58*n. Determine f(n).
-7
Suppose 0 = 5*q + 3*y + 7, 4*q + 4*y + 9 = -3. Let w = -1 - -6. Let a(s) = -w*s + 0 + 0. Give a(q).
-5
Let t(s) = -2*s**2 + 11 - 3*s**2 - 7*s + 4*s**2. Determine t(-9).
-7
Let v(r) = 13*r**2 - 1. Suppose 2*y - 6 - 4 = 0. Let l = -2 + -4. Let s = y + l. What is v(s)?
12
Let r be 2/(-8) - 9/(-4). Let l(p) = p**r - 4*p - 1 - 5 - 5*p**2 + p**3. Let s = 11 - 6. Give l(s).
-1
Let v(s) = 1 + 1 + 3*s - s. Suppose 0 = -f - u - 1, 2*f = 2*u - 6. Calculate v(f).
-2
Let i(l) = -5*l**2 - 4*l - 2. Let s(z) = -z**2 + 5*z - 6. Let g be s(4). Calculate i(g).
-14
Suppose -5*p + 3 = -2. Let h(i) be the second derivative of 1/2*i**4 - 1/3*i**3 + 0 + i + 1/2*i**2. Give h(p).
5
Let l(m) = m**2 - 4*m + 3. Let r be 1/(57/(-15) + 4). Determine l(r).
8
Let u(v) = -v**2 - 5*v + 8. Let s(d) = 2*d - 3. Let q be s(-2). What is u(q)?
-6
Let i(h) = -h**3 - 6*h**2 - 5*h + 7. Let a(b) = 6*b + 19. Let p be a(-4). Determine i(p).
7
Let z(v) = -v + 13. Suppose -2*d + 3 = s + 2*s, -41 = -4*d + s. Let r be z(d). Let p(g) = g**3 - 4*g**2 + g + 1. What is p(r)?
5
Let t(a) = 17*a. Let u be t(-2). Let s be (-4)/10 - u/10. Let l(k) = -5 - k**2 + s*k**3 - 3 - 2*k**3. What is l(0)?
-8
Let o(p) be the second derivative of -p**4/12 + p**3 - 3*p**2 - p. Suppose 3*l - 6 = -3*d, 3*d - 4*l - 22 = l. Calculate o(d).
2
Let k be 2 + (0 - 10/(-1)). Let x(t) = -t - 3. Let b be x(-8). Suppose c - k = b*c. Let q(v) = v. Calculate q(c).
-3
Let p(q) = q. Let b be p(5). Suppose 5*w - b = -0. Let x(n) = n - w + n + n. What is x(1)?
2
Let h be (-59)/5 - 2/10. Let w = h + 17. Let u(g) = 2*g - 2 - 6*g + w. Give u(2).
-5
Let t(y) be the third derivative of -11*y**4/24 + y**2. Suppose -v - 14 = -3*k, 2*v - v - 16 = -3*k. Calculate t(v).
-11
Let k(g) = 6*g**3. Let l be 6 + 3 + -6 - 2. Determine k(l).
6
Let a(h) = 3*h**2 + h. Let o be 15/(-20)*4/(-3). Calculate a(o).
4
Let p(l) = -l**3 + 6*l**2 - l + 5. Let m(j) = -2*j - 9. Let c be m(-6). Suppose 3*q - 7 = -3*h + 17, 6 = c*h. Give p(q).
-1
Let d be (-2)/(-6) - 2/(-3). Let y(p) = 0 - p + d - 2. Suppose -133 + 187 = -18*o. Give y(o).
2
Let v(c) = -c**3 - 7*c**2 + 3. Let n(p) = 2*p**3 + 15*p**2 - 5. Let l(r) = 2*n(r) + 5*v(r). Give l(-4).
-11
Suppose -5 = -3*v - 17. Let t(y) = y**3 + 5*y**2 + 4*y + 5. Calculate t(v).
5
Let s(p) = -46*p + 20*p + 2 + 24*p. Determine s(3).
-4
Suppose n + 5*x = -17, -n = -2*x - 5 - 6. Let c(p) be the second derivative of p**2 + 0 + 1/6*p**4 + 1/3*p**n + p. Give c(-2).
6
Let u be (-56)/24 + (-4)/6. Let c(f) = -4*f - 4. Determine c(u).
8
Let u(d) = -2*d**2 - 4*d + 4. Let r = -138 - -134. Determine u(r).
-12
Let a(n) be the first derivative of -n**5/60 - 5*n**3/3 + 4. Let w(p) be the third derivative of a(p). Determine w(-3).
6
Let t be ((-1)/3*0)/(-2). Let p(b) = 6*b - 2 - 3*b + t*b - 5*b. What is p(-2)?
2
Suppose 0 = 6*l + 5 + 37. Let o(f) = 3*f + 6. Determine o(l).
-15
Let c(v) = -v**3 + 4*v**2 - 3*v + 3. Let x = 18 - 16. What is c(x)?
5
Let c(n) = -n - 9. Suppose -3*r - 7 = 5. What is c(r)?
-5
Let c(q) be the third derivative of q**6/120 + q**5/12 - q**4/24 + q**3/2 - 7*q**2. What is c(-5)?
8
Let f(r) = r - 7. Let p be f(6). Let a(i) = -6*i**2 + 2*i + 1. Give a(p).
-7
Let s = 2 + 11. Suppose 0*o + 2*y - 2 = -4*o, 4*y = o + s. Let p(a) = -7*a. Calculate p(o).
7
Let z(n) = -10*n**3 - 6*n**2 + 3*n - 1. Let p(i) = -7*i**3 - 4*i**2 + 2*i - 1. Let t(f) = -7*p(f) + 5*z(f). Determine t(-2).
0
Suppose -77*a + 107*a = 0. Let m(i) = 7 - 3*i**2 + 4*i**2 + 0. What is m(a)?
7
Let j(c) = c**3 - c**2 + c + 1. Let q(v) = 7*v**3 - 8*v**2 + 8*v + 4. Let n(z) = 6*j(z) - q(z). Determine n(2).
-2
Let b(l) = -2*l. Let v = 61 - 65. What is b(v)?
8
Let b(y) be the first derivative of y**2/2 - 4*y + 2. Let o be (-8)/6*3/(-2). What is b(o)?
-2
Let f(p) = p**2 + 7*p + 6. Let a be f(-7). Let j(v) = v**2 - v + 1. Let t(n) = -4*n**2 - n + 4. Let u(y) = 5*j(y) + t(y). What is u(a)?
9
Let s be (-1)/(-2 - 12/